2*w - 32. What is m(14)?
-4
Let u(r) = -5*r + 2. Determine u(-5).
27
Let b(k) = -k**2 + 11*k + 4. Determine b(9).
22
Let x(w) = -w - 6. What is x(-5)?
-1
Let k(c) = c - 7. Give k(-1).
-8
Let f(u) = u**3 + 18*u**2 - 2*u - 33. What is f(-18)?
3
Let l(w) = -3*w + 22. Determine l(11).
-11
Let p(h) = h**3 - h**2 + h + 60. What is p(0)?
60
Let l(r) = -r + 14. Give l(7).
7
Let m(j) = 3*j + 13. Give m(-6).
-5
Let s(a) = a**2 + 18*a + 26. Determine s(-16).
-6
Let i(q) = -9*q**2 + q - 1. Give i(2).
-35
Let y(b) = b**2 + 16*b - 20. Determine y(-18).
16
Let i(s) = 14*s + 1. Give i(1).
15
Let f(l) = 2*l**3 + 3*l**2 - 9*l + 1. Determine f(-3).
1
Let m(o) = -47*o - 605. What is m(-13)?
6
Let v(o) = 8*o - 61. Calculate v(8).
3
Let b(x) = 90*x**2. Give b(-1).
90
Let t(d) = d**3 - 8*d**2 + 8*d - 4. Give t(6).
-28
Let l(k) = 4*k + 26. Give l(-25).
-74
Let y(k) = -k**3 + 9*k**2 + k - 10. Determine y(9).
-1
Let q(y) = y**3 - 3*y**2 + y + 3. Determine q(3).
6
Let n(o) = -2*o + 4. What is n(8)?
-12
Let m(n) = -n**2 - 8*n + 92. Give m(0).
92
Let p(t) = -4*t - 18. Determine p(-10).
22
Let v(d) = 6*d - 240. Calculate v(39).
-6
Let y(q) = -q + 22. What is y(8)?
14
Let g(x) = -25*x**2 - 3*x - 1. Give g(-2).
-95
Let k(r) = -r**2 + 2*r + 2. Give k(-3).
-13
Let v(c) = c**3 - 7*c**2 - 6*c - 8. What is v(8)?
8
Let q(y) = -y**3 - 16*y**2 - 16*y - 13. What is q(-15)?
2
Let b(u) = -35*u**3 - 3*u**2 - 3*u - 1. Determine b(-1).
34
Let r(f) = -5*f + 138. Determine r(27).
3
Let r(q) = -q**3 + 12*q**2 - 15*q + 17. Give r(11).
-27
Let x(v) = -v**2 + 7*v + 1. Determine x(5).
11
Let g(u) = -4*u**2 - 108*u - 99. Give g(-26).
5
Let h(s) = s**2 - s. Determine h(0).
0
Let o(d) = d**3 - 4*d**2 + 3. Give o(3).
-6
Let x(h) = h**3 - 26*h**2 - 27*h + 4. Give x(27).
4
Let w(l) = 2*l**2 - 3*l - 18. Give w(-3).
9
Let b(f) = -f**3 - f**2 - 2*f - 4. What is b(-2)?
4
Let v(r) = 2*r**2 + 24*r - 3. Give v(-12).
-3
Let o(y) = -y**3 - y + 1. Calculate o(3).
-29
Let f(b) = -b**3 - 16*b**2 + 17*b - 20. Give f(-17).
-20
Let b(y) = 7*y + 22. Determine b(-5).
-13
Let n(j) = 15*j + 79. Calculate n(-5).
4
Let k(a) = a**2 + 2*a - 14. Determine k(-6).
10
Let o(v) = v**3 - 8*v**2 + 3*v - 4. Determine o(3).
-40
Let m(s) = -s**2 - 68*s - 133. Give m(-66).
-1
Let n(d) = d**3 - 9*d**2 + 14*d - 8. Determine n(8).
40
Let s(u) = -u**3 + u + 70. What is s(0)?
70
Let a(h) = h**2 - 3*h - 7. Give a(6).
11
Let j(z) = z**2 + 7*z - 32. Calculate j(5).
28
Let f(s) = s**3 + 13*s**2 + s + 9. Give f(-13).
-4
Let b(t) = -t**3 + 17*t**2 - 3. Determine b(17).
-3
Let v(m) = m**2 - 17*m + 90. Determine v(7).
20
Let z(y) = -2*y**2 + 19*y + 5. Give z(9).
14
Let u(m) = m**3 + 19*m**2 + 50*m + 39. Calculate u(-16).
7
Let s(h) = h**2 + 1. Determine s(2).
5
Let p(g) = g**2 + 10*g + 12. Determine p(-6).
-12
Let f(q) = q. Calculate f(-3).
-3
Let a(i) = -i - 2. Determine a(1).
-3
Let r(m) = -m**3 - 10*m**2 + 14*m - 8. Calculate r(-11).
-41
Let g(f) = f**3 - 8*f**2 + 11*f - 1. Calculate g(5).
-21
Let j(s) = 7*s - 1. What is j(3)?
20
Let z(w) = w**3 - 12*w**2 + 9*w + 18. Give z(11).
-4
Let w(v) = -2*v + 35. Calculate w(9).
17
Let v(y) = -3*y + 3. Determine v(-8).
27
Let n(o) = -o**3 + 12*o**2 + 25*o - 142. Determine n(13).
14
Let b(t) = -3*t**2 + 5*t + 3. What is b(-1)?
-5
Let i(t) = 14*t + 2. Give i(3).
44
Let h(x) = -3*x**3 - 18*x**2 + x - 6. Give h(-6).
-12
Let w(y) = 17*y + 12. Give w(-3).
-39
Let a(n) = -23*n - 74. Calculate a(-3).
-5
Let p(n) = 2*n**2 - 41*n + 78. Give p(19).
21
Let v(j) = -6*j + 94. Give v(15).
4
Let h(k) = 3*k - 15. Determine h(7).
6
Let b(h) = -h**2 + h + 14. Calculate b(4).
2
Let o(z) = 3*z**2 + 2*z + 4. Calculate o(-3).
25
Let t(b) = 3*b + 8. Determine t(-3).
-1
Let x(i) = 4*i**3 + 2*i**2 + 2*i + 1. Calculate x(-1).
-3
Let u(q) = -25*q**2 + q + 1. Give u(1).
-23
Let f(w) = -w**3 - 17*w**2 + 21*w + 60. Give f(-18).
6
Let s(d) = -13*d**2 + 4*d - 2. Give s(1).
-11
Let g(n) = n**2 + 6*n + 86. Calculate g(0).
86
Let a(w) = -3*w + 15. What is a(12)?
-21
Let k(i) = 24*i + 95. Give k(-4).
-1
Let o(p) = 85*p - 290. What is o(4)?
50
Let d(l) = -l**2 - 24*l - 139. Give d(-9).
-4
Let o(f) = f**3 - 7*f**2 - 4*f - 12. Determine o(7).
-40
Let o(b) = -7*b - 8. Calculate o(-4).
20
Let c(q) = 2*q - 47. Calculate c(10).
-27
Let j(y) = 2*y**3 - 113*y**2 + 55*y + 42. Determine j(56).
-14
Let t(d) = d**2 + 22*d + 49. Calculate t(-18).
-23
Let p(n) = 2*n**3 + 11*n**2 + 4*n + 5. Give p(-5).
10
Let c(n) = -28*n + 2. Give c(2).
-54
Let y(p) = p**3 - 10*p**2 + p - 6. Give y(10).
4
Let i(p) = -20*p + 63. What is i(3)?
3
Let y(a) = 2*a**2 + 20*a + 4. Calculate y(-9).
-14
Let n(u) = -u**2 + 18*u - 25. Calculate n(17).
-8
Let m(y) = 167*y + 835. What is m(-5)?
0
Let p(z) = -z - 13. What is p(-11)?
-2
Let k(a) = 2*a + 23. Give k(-20).
-17
Let i(a) = -a - 16. What is i(-7)?
-9
Let k(f) = f**3 - 8*f**2 + 5*f + 4. Calculate k(7).
-10
Let q(t) = -2*t - 8. What is q(0)?
-8
Let o(m) = -7*m - 87. Calculate o(-15).
18
Let k(f) = f**2 - 4*f - 7. Calculate k(4).
-7
Let r(g) = -2*g**2 + 12*g + 11. What is r(9)?
-43
Let h(c) = -c**2 + 14*c - 34. Determine h(9).
11
Let f(a) = 4*a**2 - 1. Determine f(-2).
15
Let f(q) = 94*q + 96. What is f(-1)?
2
Let w(x) = -x**3 - 16*x**2 + 18*x + 12. Give w(-17).
-5
Let q(g) = g**3 + 8*g**2 - 21*g - 5. What is q(-10)?
5
Let t(k) = -k**2 + 2*k + 11. Calculate t(-2).
3
Let w(d) = -29*d - 170. Give w(-6).
4
Let v(y) = -y**2 - 13*y + 7. What is v(-14)?
-7
Let q(w) = -2*w - 16. Determine q(-9).
2
Let i(t) = -t**2 + 3*t + 8. Give i(4).
4
Let b(t) = -t**2 + 11*t + 30. Calculate b(13).
4
Let s(j) = -2*j**2 + 22*j + 3. Calculate s(11).
3
Let x(r) = r**3 - 16*r**2 + 33*r - 67. Give x(14).
3
Let v(o) = o**3 - 4*o**2 + 4. Calculate v(2).
-4
Let y(b) = -b**2 + 16*b + 104. Determine y(-5).
-1
Let i(k) = 11*k - 202. Determine i(18).
-4
Let w(t) = -t**2 + 33*t - 61. Give w(31).
1
Let k(y) = y**3 - 36*y**2 + 181*y - 25. What is k(30)?
5
Let p(j) = -2*j - 33. Determine p(-18).
3
Let b(k) = -k**2 - 13*k - 1. Give b(-11).
21
Let k(o) = -o**2 - 3*o - 8. Calculate k(-4).
-12
Let i(n) = -n**3 + 6*n**2 - 7*n + 5. What is i(5)?
-5
Let v(r) = -r - 4. Give v(-10).
6
Let q(g) = -10*g + 32. What is q(4)?
-8
Let p(l) = 2*l**2 + 4*l - 21. Determine p(-4).
-5
Let c(l) = -9*l**2 + 4*l. Give c(1).
-5
Let k(x) = 103*x**3 + 1. Calculate k(-1).
-102
Let d(v) = -5*v + 18. Determine d(2).
8
Let l(d) = 13*d + 201. Determine l(-15).
6
Let l(t) = t + 7. What is l(8)?
15
Let r(h) = -h - 10. Give r(14).
-24
Let w(s) = -s**2 - 13*s - 30. Give w(-6).
12
Let b(v) = -2*v - 24. What is b(-13)?
2
Let u(w) = -17*w**2 - 3*w - 3. Give u(-3).
-147
Let v(h) = -4*h**3 + 2*h**2 - 2. Give v(2).
-26
Let f(l) = -l**3 - 20*l**2 + l + 18. What is f(-20)?
-2
Let g(c) = -2*c**2 + 3*c + 2. What is g(-4)?
-42
Let b(q) = 2*q + 36. Calculate b(-15).
6
Let r(h) = 3*h + 11. What is r(17)?
62
Let c(n) = -n**3 - 14*n**2 + 19*n + 67. Determine c(-15).
7
Let z(a) = -20*a - 1518. Calculate z(-76).
2
Let y(h) = 72*h - 512. What is y(7)?
-8
Let m(n) = -3*n - 43. Give m(-15).
2
Let i(r) = -12*r + 4. Calculate i(-4).
52
Let p(n) = n**3 - 20*n**2 - 2*n + 39. Determine p(20).
-1
Let i(z) = -z**2 + 9*z - 11. Determine i(9).
-11
Let d(x) = 5*x + 42. Give d(-10).
-8
Let w(u) = 9*u**2 - u + 1. Calculate w(1).
9
Let g(o) = -3*o**2 + o + 20. Calculate g(-5).
-60
Let q(x) = -12*x - 1. Give q(-4).
47
Let x(f) = -2*f**2 + 73*f - 165. What is x(34)?
5
Let p(m) = -29*m - 8. What is p(-1)?
21
Let x(s) = -s**2 + 8*s + 20. Determine x(-8).
-108
Let s(f) = -f**3 - 6*f**2 - 2*f - 2. Calculate s(-6).
10
Let i(g) = g**2 - 13*g - 1. What is i(11)?
-23
Let v(f) = -f**3 + 5*f**2 + 24*f - 2. What is v(-4)?
46
Let r(i) = 20*i - 42. Give r(2).
-2
Let b(a) = 2*a**3 - 16*a**2 - 2. What is b(8)?
-2
Let b(y) = 8*y - 2. Calculate b(-2).
-18
Let y(j) = 2*j**3 - 8*j**2 + 3*j + 7. Determine y(5).
72
Let q(d) = d**3 + 17*d**2 - d - 18. What is q(-17)?
-1
Let q(r) = r**2 + 14*r + 10. What is q(-13)?
-3
Let i(d) = -2*d**2 - 10*d + 99. Determine i(-10).
-1
Let l(v) = v**3 - 16*v**2 - 2*v + 35. Calculate l(16).
3
Let m(x) = x**2 + 21*x - 2. Give m(-27).
160
Let i(c) = c**2 - 40*c - 85. Give i(-2).
-1
Let a(d) = d**3 + 5*d**2 - d. Give a(-5).
5
Let p(d) = -d**2 + 2*d - 1. Calculate p(0).
-1
Let a(h) = -12*h + 96. Give a(7).
12
Let r(n) = -8*n